{"id":2662,"date":"2025-01-27T15:02:36","date_gmt":"2025-01-27T14:02:36","guid":{"rendered":"https:\/\/www.culture-dax.fr\/?page_id=2662"},"modified":"2025-08-07T16:44:40","modified_gmt":"2025-08-07T15:44:40","slug":"stage-informatique","status":"publish","type":"page","link":"https:\/\/www.culture-dax.fr\/?page_id=2662","title":{"rendered":"Stages Informatique"},"content":{"rendered":"<p>[et_pb_section fb_built=\u00a0\u00bb1&Prime; fullwidth=\u00a0\u00bbon\u00a0\u00bb _builder_version=\u00a0\u00bb4.25.0&Prime; _module_preset=\u00a0\u00bbdefault\u00a0\u00bb global_colors_info=\u00a0\u00bb{}\u00a0\u00bb][et_pb_fullwidth_image src=\u00a0\u00bbhttp:\/\/www.culture-dax.fr\/wp-content\/uploads\/2014\/10\/informatique2.jpg\u00a0\u00bb title_text=\u00a0\u00bbinformatique2&Prime; _builder_version=\u00a0\u00bb4.25.0&Prime; _module_preset=\u00a0\u00bbdefault\u00a0\u00bb global_colors_info=\u00a0\u00bb{}\u00a0\u00bb][\/et_pb_fullwidth_image][\/et_pb_section][et_pb_section fb_built=\u00a0\u00bb1&Prime; admin_label=\u00a0\u00bbsection\u00a0\u00bb _builder_version=\u00a0\u00bb4.16&Prime; global_colors_info=\u00a0\u00bb{}\u00a0\u00bb][et_pb_row admin_label=\u00a0\u00bbrow\u00a0\u00bb _builder_version=\u00a0\u00bb4.16&Prime; background_size=\u00a0\u00bbinitial\u00a0\u00bb background_position=\u00a0\u00bbtop_left\u00a0\u00bb background_repeat=\u00a0\u00bbrepeat\u00a0\u00bb global_colors_info=\u00a0\u00bb{}\u00a0\u00bb][et_pb_column type=\u00a0\u00bb4_4&Prime; _builder_version=\u00a0\u00bb4.16&Prime; custom_padding=\u00a0\u00bb|||\u00a0\u00bb global_colors_info=\u00a0\u00bb{}\u00a0\u00bb custom_padding__hover=\u00a0\u00bb|||\u00a0\u00bb][et_pb_text admin_label=\u00a0\u00bbText\u00a0\u00bb _builder_version=\u00a0\u00bb4.25.0&Prime; background_size=\u00a0\u00bbinitial\u00a0\u00bb background_position=\u00a0\u00bbtop_left\u00a0\u00bb background_repeat=\u00a0\u00bbrepeat\u00a0\u00bb hover_enabled=\u00a0\u00bb0&Prime; global_colors_info=\u00a0\u00bb{}\u00a0\u00bb sticky_enabled=\u00a0\u00bb0&Prime;]<\/p>\n<h1>Stages Informatique<\/p>\n<\/h1>\n<p><strong>Cours d\u2019initiation \u00e0 l\u2019informatique et aux r\u00e9seaux sociaux<\/strong><br \/><em>Par une formatrice autodidacte et passionn\u00e9e<\/em><\/p>\n<p>Je propose deux types de cours d\u2019informatique pens\u00e9s sp\u00e9cialement pour les personnes qui se sentent un peu perdues face au num\u00e9rique, <strong>mais aussi pour celles et ceux qui souhaitent renforcer leurs connaissances ou gagner en assurance<\/strong>. Mon approche est progressive, bienveillante et adapt\u00e9e au rythme de chacun.<\/p>\n<h3>Stage1 \u2013 <strong>D\u00e9couverte de Canva et des r\u00e9seaux sociaux<\/strong><\/h3>\n<p><strong>1 fois par semaine<\/strong>\u00a0pendant\u00a0<strong>12 semaines (3 mois)<\/strong><br \/><strong>Dur\u00e9e : 1h30<\/strong>\u00a0par s\u00e9ance<\/p>\n<p>Ce module est d\u00e9di\u00e9 \u00e0 la\u00a0<strong>d\u00e9couverte des r\u00e9seaux sociaux<\/strong>\u00a0et \u00e0 l\u2019outil Canva (un site tr\u00e8s simple pour cr\u00e9er des affiches, cartes, etc.).<br \/>Nous apprendrons \u00e0 :<\/p>\n<ul>\n<li>Comprendre \u00e0 quoi servent les r\u00e9seaux sociaux (Facebook, WhatsApp, Instagram\u2026),<\/li>\n<li>Cr\u00e9er un profil, publier une photo, commenter,<\/li>\n<li>Naviguer en toute s\u00e9curit\u00e9,<\/li>\n<li>Utiliser Canva pour cr\u00e9er de petits visuels (affiches, cartes, etc.),<\/li>\n<li>Se familiariser progressivement avec l\u2019environnement num\u00e9rique.<\/li>\n<\/ul>\n<p>L\u2019objectif est de prendre confiance, \u00e0 son rythme, et de commencer \u00e0\u00a0<strong>oser explorer<\/strong>.<\/p>\n<p>&nbsp;<\/p>\n<h3>Stage 2 \u2013 <strong>Utiliser son ordinateur et les sites utiles du quotidien<\/strong><\/h3>\n<p><strong>2 fois par semaine<\/strong>\u00a0(le\u00a0<strong>mardi<\/strong>\u00a0et le\u00a0<strong>vendredi<\/strong>) pendant\u00a0<strong>12 semaines<\/strong><br \/><strong>Dur\u00e9e : 1h30<\/strong>\u00a0par s\u00e9ance<\/p>\n<p>Ce deuxi\u00e8me module est plus intensif pour\u00a0<strong>stimuler la m\u00e9moire et les bons r\u00e9flexes num\u00e9riques<\/strong>. Il est essentiel pour gagner en autonomie.<\/p>\n<p>Nous verrons concr\u00e8tement :<\/p>\n<ul>\n<li>Comment allumer, \u00e9teindre, utiliser le clavier et la souris,<\/li>\n<li>Comment ranger ses fichiers, retrouver une photo ou un document,<\/li>\n<li>Comment envoyer un e-mail avec pi\u00e8ce jointe,<\/li>\n<li>Comment utiliser un navigateur internet (Google, Firefox\u2026) pour faire des recherches,<\/li>\n<li>Comment cr\u00e9er et g\u00e9rer des mots de passe (en toute s\u00e9curit\u00e9),<\/li>\n<li>Comment acc\u00e9der et utiliser les\u00a0<strong>sites officiels importants<\/strong>:\n<ul>\n<li>Ameli (Assurance maladie),<\/li>\n<li><a href=\"http:\/\/impots.gouv.fr\/\">impots.gouv.fr<\/a>,<\/li>\n<li>la banque en ligne,<\/li>\n<li>la CAF,<\/li>\n<li>P\u00f4le emploi,<\/li>\n<li>l\u2019Assurance retraite,<\/li>\n<li>les fournisseurs d\u2019eau, d\u2019\u00e9lectricit\u00e9, de gaz,<\/li>\n<li>les journaux en ligne (Sud Ouest, etc.).<\/li>\n<\/ul>\n<\/li>\n<\/ul>\n<p>Chaque s\u00e9ance m\u00eale th\u00e9orie simple et\u00a0<strong>exercices pratiques<\/strong>, dans une ambiance conviviale. L\u2019objectif est que chacun reparte avec\u00a0<strong>des gestes simples acquis<\/strong>\u00a0et surtout,\u00a0<strong>la confiance n\u00e9cessaire pour se d\u00e9brouiller seul<\/strong>\u00a0dans la vie num\u00e9rique.<\/p>\n<p>[\/et_pb_text][\/et_pb_column][\/et_pb_row][\/et_pb_section]<\/p>\n","protected":false},"excerpt":{"rendered":"<p>Stages Informatique Cours d\u2019initiation \u00e0 l\u2019informatique et aux r\u00e9seaux sociauxPar une formatrice autodidacte et passionn\u00e9e Je propose deux types de cours d\u2019informatique pens\u00e9s sp\u00e9cialement pour les personnes qui se sentent un peu perdues face au num\u00e9rique, mais aussi pour celles et ceux qui souhaitent renforcer leurs connaissances ou gagner en assurance. Mon approche est progressive, bienveillante et adapt\u00e9e au rythme de chacun. Stage1 \u2013 D\u00e9couverte de Canva et des r\u00e9seaux sociaux 1 fois par semaine\u00a0pendant\u00a012 semaines (3 mois)Dur\u00e9e : 1h30\u00a0par s\u00e9ance Ce module est d\u00e9di\u00e9 \u00e0 la\u00a0d\u00e9couverte des r\u00e9seaux sociaux\u00a0et \u00e0 l\u2019outil Canva (un site tr\u00e8s simple pour cr\u00e9er des affiches, cartes, etc.).Nous apprendrons \u00e0 : Comprendre \u00e0 quoi servent les r\u00e9seaux sociaux (Facebook, WhatsApp, Instagram\u2026), Cr\u00e9er un profil, publier une photo, commenter, Naviguer en toute s\u00e9curit\u00e9, Utiliser Canva pour cr\u00e9er de petits visuels (affiches, cartes, etc.), Se familiariser progressivement avec l\u2019environnement num\u00e9rique. L\u2019objectif est de prendre confiance, \u00e0 son rythme, et de commencer \u00e0\u00a0oser explorer. &nbsp; Stage 2 \u2013 Utiliser son ordinateur et les sites utiles du quotidien 2 fois par semaine\u00a0(le\u00a0mardi\u00a0et le\u00a0vendredi) pendant\u00a012 semainesDur\u00e9e : 1h30\u00a0par s\u00e9ance Ce deuxi\u00e8me module est plus intensif pour\u00a0stimuler la m\u00e9moire et les bons r\u00e9flexes num\u00e9riques. Il est essentiel pour gagner en autonomie. [&hellip;]<\/p>\n","protected":false},"author":1,"featured_media":0,"parent":0,"menu_order":0,"comment_status":"closed","ping_status":"closed","template":"","meta":{"_et_pb_use_builder":"on","_et_pb_old_content":"[vc_row][vc_column][vc_column_text]\r\n<h1>Stages Informatique<\/h1>\r\nInformatique 65 \u20ac + Adh\u00e9sion :\r\n<strong>Se familiariser avec les r\u00e9seaux sociaux (Facebook, lnstagram, ... ) et Canva (logiciel gratuit de confection graphique)<\/strong>\r\nD\u00e9but : \u00e0 partir 9 Septembre 2024\r\nNombre de S\u00e9ances: 6 (1h30 chacune)\r\nLe mardi de 14h \u00e0 15h30\r\n\r\nInformatique 35\u20ac + Adh\u00e9sion :\r\n<strong>Initiation informatique sp\u00e9cial curiste<\/strong>\r\n2 cours d'1h\/semaine sur 3 semaines\r\nLes lundi de 14h30 \u00e0 15h30\r\nLes jeudis de 14h15 \u00e0 15h15[\/vc_column_text][\/vc_column][\/vc_row]","_et_gb_content_width":"","footnotes":""},"class_list":["post-2662","page","type-page","status-publish","hentry"],"_links":{"self":[{"href":"https:\/\/www.culture-dax.fr\/index.php?rest_route=\/wp\/v2\/pages\/2662","targetHints":{"allow":["GET"]}}],"collection":[{"href":"https:\/\/www.culture-dax.fr\/index.php?rest_route=\/wp\/v2\/pages"}],"about":[{"href":"https:\/\/www.culture-dax.fr\/index.php?rest_route=\/wp\/v2\/types\/page"}],"author":[{"embeddable":true,"href":"https:\/\/www.culture-dax.fr\/index.php?rest_route=\/wp\/v2\/users\/1"}],"replies":[{"embeddable":true,"href":"https:\/\/www.culture-dax.fr\/index.php?rest_route=%2Fwp%2Fv2%2Fcomments&post=2662"}],"version-history":[{"count":9,"href":"https:\/\/www.culture-dax.fr\/index.php?rest_route=\/wp\/v2\/pages\/2662\/revisions"}],"predecessor-version":[{"id":3006,"href":"https:\/\/www.culture-dax.fr\/index.php?rest_route=\/wp\/v2\/pages\/2662\/revisions\/3006"}],"wp:attachment":[{"href":"https:\/\/www.culture-dax.fr\/index.php?rest_route=%2Fwp%2Fv2%2Fmedia&parent=2662"}],"curies":[{"name":"wp","href":"https:\/\/api.w.org\/{rel}","templated":true}]}}