{"id":54,"date":"2014-10-24T15:04:33","date_gmt":"2014-10-24T14:04:33","guid":{"rendered":"http:\/\/www.culture-dax.fr\/?page_id=54"},"modified":"2026-07-06T14:13:20","modified_gmt":"2026-07-06T13:13:20","slug":"langues","status":"publish","type":"page","link":"https:\/\/www.culture-dax.fr\/?page_id=54","title":{"rendered":"Langues"},"content":{"rendered":"<p>[et_pb_section fb_built=\u00a0\u00bb1&Prime; admin_label=\u00a0\u00bbsection\u00a0\u00bb _builder_version=\u00a0\u00bb4.16&Prime; global_colors_info=\u00a0\u00bb{}\u00a0\u00bb][et_pb_row admin_label=\u00a0\u00bbrow\u00a0\u00bb _builder_version=\u00a0\u00bb4.16&Prime; background_size=\u00a0\u00bbinitial\u00a0\u00bb background_position=\u00a0\u00bbtop_left\u00a0\u00bb background_repeat=\u00a0\u00bbrepeat\u00a0\u00bb global_colors_info=\u00a0\u00bb{}\u00a0\u00bb][et_pb_column type=\u00a0\u00bb4_4&Prime; _builder_version=\u00a0\u00bb4.16&Prime; custom_padding=\u00a0\u00bb|||\u00a0\u00bb global_colors_info=\u00a0\u00bb{}\u00a0\u00bb custom_padding__hover=\u00a0\u00bb|||\u00a0\u00bb][et_pb_text admin_label=\u00a0\u00bbText\u00a0\u00bb _builder_version=\u00a0\u00bb4.25.0&Prime; background_size=\u00a0\u00bbinitial\u00a0\u00bb background_position=\u00a0\u00bbtop_left\u00a0\u00bb background_repeat=\u00a0\u00bbrepeat\u00a0\u00bb hover_enabled=\u00a0\u00bb0&Prime; global_colors_info=\u00a0\u00bb{}\u00a0\u00bb sticky_enabled=\u00a0\u00bb0&Prime;]<\/p>\n<h1><strong><span style=\"color: #993300;\">LANGUES<\/span><\/strong><\/h1>\n<p><span style=\"color: #000080;\"><strong>APPRENDRE LES LANGUES<\/strong><\/span><\/p>\n<p>Les langues s&rsquo;adressent \u00e0 tous, et ce ind\u00e9pendamment de l&rsquo;\u00e2ge et des raisons qui incitent \u00e0 les apprendre. Elles aident \u00e0 faire tomber aussi bien les barri\u00e8res personnelles que les barri\u00e8res nationales, permettant aux europ\u00e9ens de communiquer entre eux, de travailler ensemble et de se d\u00e9placer d&rsquo;un pays \u00e0 l&rsquo;autre.<\/p>\n<p>A l&rsquo;Association Culturelle de Dax vous trouverez :<\/p>\n<p>&#8211; un professeur comp\u00e9tent<\/p>\n<p>&#8211; de petits groupes<\/p>\n<p>&#8211; des cours de niveau (du d\u00e9butant \u00e0 des cours de conversation)<\/p>\n<p>&#8211; une bonne ambiance<\/p>\n<p><strong>Venez apprendre en vous faisant plaisir<\/strong><br \/><span style=\"color: #000080;\"><strong>ANGLAIS<\/strong><\/span> avec Katrina DALHMAN et Catherine MARTIN<\/p>\n<p><span style=\"color: #000080;\"><strong>ESPAGNOL<\/strong><\/span> avec Maryke PELLERIN et Esther ROLDAN<\/p>\n<p><strong><span style=\"color: #000080;\">BASQUE<\/span>\u00a0<\/strong>\u00a0avec Kepa ZUBILLAGA<\/p>\n<p><strong><span style=\"color: #000080;\">ITALIEN<\/span>\u00a0<\/strong> avec Monique KORUPSKI.<\/p>\n<p>&nbsp;<\/p>\n<p>[\/et_pb_text][\/et_pb_column][\/et_pb_row][\/et_pb_section]<\/p>\n","protected":false},"excerpt":{"rendered":"<p>LANGUES APPRENDRE LES LANGUES Les langues s&rsquo;adressent \u00e0 tous, et ce ind\u00e9pendamment de l&rsquo;\u00e2ge et des raisons qui incitent \u00e0 les apprendre. Elles aident \u00e0 faire tomber aussi bien les barri\u00e8res personnelles que les barri\u00e8res nationales, permettant aux europ\u00e9ens de communiquer entre eux, de travailler ensemble et de se d\u00e9placer d&rsquo;un pays \u00e0 l&rsquo;autre. A l&rsquo;Association Culturelle de Dax vous trouverez : &#8211; un professeur comp\u00e9tent &#8211; de petits groupes &#8211; des cours de niveau (du d\u00e9butant \u00e0 des cours de conversation) &#8211; une bonne ambiance Venez apprendre en vous faisant plaisirANGLAIS avec Katrina DALHMAN et Catherine MARTIN ESPAGNOL avec Maryke PELLERIN et Esther ROLDAN BASQUE\u00a0\u00a0avec Kepa ZUBILLAGA ITALIEN\u00a0 avec Monique KORUPSKI. &nbsp;<\/p>\n","protected":false},"author":1,"featured_media":0,"parent":39,"menu_order":0,"comment_status":"closed","ping_status":"closed","template":"","meta":{"_et_pb_use_builder":"on","_et_pb_old_content":"<p>[vc_row][vc_column][rev_slider_vc alias=\"acd\"][\/vc_column][\/vc_row][vc_row][vc_column width=\"1\/4\"][vc_widget_sidebar sidebar_id=\"sidebar-20\"][\/vc_column][vc_column width=\"3\/4\"][vc_column_text]<\/p>\n<h1><strong><span style=\"color: #993300;\">LANGUES<\/span><\/strong><\/h1>\n<p>[\/vc_column_text][vc_row_inner][vc_column_inner width=\"1\/4\"][vc_button2 title=\"Anglais\" link=\"url:http%3A%2F%2Fwww.culture-dax.fr%2F%3Fpage_id%3D56||\"][\/vc_column_inner][vc_column_inner width=\"1\/4\"][vc_button2 title=\"Espagnol\" color=\"vista_blue\" link=\"url:http%3A%2F%2Fwww.culture-dax.fr%2F%3Fpage_id%3D59||\"][\/vc_column_inner][vc_column_inner width=\"1\/4\"][vc_button2 title=\"Italien\" color=\"turquoise\" link=\"url:http%3A%2F%2Fwww.culture-dax.fr%2F%3Fpage_id%3D61||\"][\/vc_column_inner][vc_column_inner width=\"1\/4\"][vc_button2 title=\"Basque\" color=\"orange\" link=\"url:http%3A%2F%2Fwww.culture-dax.fr%2F%3Fpage_id%3D346||\"][\/vc_column_inner][\/vc_row_inner][vc_row_inner][vc_column_inner width=\"1\/4\"][\/vc_column_inner][vc_column_inner width=\"1\/4\"][\/vc_column_inner][vc_column_inner width=\"1\/4\"][\/vc_column_inner][vc_column_inner width=\"1\/4\"][\/vc_column_inner][\/vc_row_inner][vc_column_text]<span style=\"color: #000080;\"><strong>APPRENDRE LES LANGUES<\/strong><\/span><\/p>\n<p>Les langues s'adressent \u00e0 tous, et ce ind\u00e9pendamment de l'\u00e2ge et des raisons qui incitent \u00e0 les apprendre. Elles aident \u00e0 faire tomber aussi bien les barri\u00e8res personnelles que les barri\u00e8res nationales, permettant aux europ\u00e9ens de communiquer entre eux, de travailler ensemble et de se d\u00e9placer d'un pays \u00e0 l'autre.<\/p>\n<p>A l'Association Culturelle de Dax vous trouverez :<\/p>\n<p>- un professeur comp\u00e9tent<\/p>\n<p>- de petits groupes<\/p>\n<p>- des cours de niveau (du d\u00e9butant \u00e0 des cours de conversation)<\/p>\n<p>- une bonne ambiance<\/p>\n<p><strong>Venez apprendre en vous faisant plaisir<\/strong><br \/>\n<span style=\"color: #000080;\"><strong>ANGLAIS<\/strong><\/span> avec Katrina DALHMAN et Isabelle BAUMANN<\/p>\n<p><span style=\"color: #000080;\"><strong>ESPAGNOL<\/strong><\/span> avec Maryke PELLERIN et Esther ROLDAN<\/p>\n<p><strong><span style=\"color: #000080;\">BASQUE<\/span>\u00a0<\/strong>\u00a0avec Kepa ZUBILLAGA<\/p>\n<p><strong><span style=\"color: #000080;\">ITALIEN<\/span>\u00a0<\/strong> avec Monique KORUPSKI.<\/p>\n<p>&nbsp;[\/vc_column_text][\/vc_column][\/vc_row]<\/p>\n","_et_gb_content_width":"","footnotes":""},"class_list":["post-54","page","type-page","status-publish","hentry"],"_links":{"self":[{"href":"https:\/\/www.culture-dax.fr\/index.php?rest_route=\/wp\/v2\/pages\/54","targetHints":{"allow":["GET"]}}],"collection":[{"href":"https:\/\/www.culture-dax.fr\/index.php?rest_route=\/wp\/v2\/pages"}],"about":[{"href":"https:\/\/www.culture-dax.fr\/index.php?rest_route=\/wp\/v2\/types\/page"}],"author":[{"embeddable":true,"href":"https:\/\/www.culture-dax.fr\/index.php?rest_route=\/wp\/v2\/users\/1"}],"replies":[{"embeddable":true,"href":"https:\/\/www.culture-dax.fr\/index.php?rest_route=%2Fwp%2Fv2%2Fcomments&post=54"}],"version-history":[{"count":19,"href":"https:\/\/www.culture-dax.fr\/index.php?rest_route=\/wp\/v2\/pages\/54\/revisions"}],"predecessor-version":[{"id":3032,"href":"https:\/\/www.culture-dax.fr\/index.php?rest_route=\/wp\/v2\/pages\/54\/revisions\/3032"}],"up":[{"embeddable":true,"href":"https:\/\/www.culture-dax.fr\/index.php?rest_route=\/wp\/v2\/pages\/39"}],"wp:attachment":[{"href":"https:\/\/www.culture-dax.fr\/index.php?rest_route=%2Fwp%2Fv2%2Fmedia&parent=54"}],"curies":[{"name":"wp","href":"https:\/\/api.w.org\/{rel}","templated":true}]}}

<p>[et_pb_section fb_built= »1&Prime; admin_label= »section » _builder_version= »4.16&Prime; global_colors_info= »{} »][et_pb_row admin_label= »row » _builder_version= »4.16&Prime; background_size= »initial » background_position= »top_left » background_repeat= »repeat » global_colors_info= »{} »][et_pb_column type= »4_4&Prime; _builder_version= »4.16&Prime; custom_padding= »||| » global_colors_info= »{} » custom_padding__hover= »||| »][et_pb_text admin_label= »Text » _builder_version= »4.25.0&Prime; background_size= »initial » background_position= »top_left » background_repeat= »repeat » hover_enabled= »0&Prime; global_colors_info= »{} » sticky_enabled= »0&Prime;]</p>
<h1><strong><span style="color: #993300;">LANGUES</span></strong></h1>
<p><span style="color: #000080;"><strong>APPRENDRE LES LANGUES</strong></span></p>
<p>Les langues s&rsquo;adressent à tous, et ce indépendamment de l&rsquo;âge et des raisons qui incitent à les apprendre. Elles aident à faire tomber aussi bien les barrières personnelles que les barrières nationales, permettant aux européens de communiquer entre eux, de travailler ensemble et de se déplacer d&rsquo;un pays à l&rsquo;autre.</p>
<p>A l&rsquo;Association Culturelle de Dax vous trouverez :</p>
<p>&#8211; un professeur compétent</p>
<p>&#8211; de petits groupes</p>
<p>&#8211; des cours de niveau (du débutant à des cours de conversation)</p>
<p>&#8211; une bonne ambiance</p>
<p><strong>Venez apprendre en vous faisant plaisir</strong><br /><span style="color: #000080;"><strong>ANGLAIS</strong></span> avec Katrina DALHMAN et Catherine MARTIN</p>
<p><span style="color: #000080;"><strong>ESPAGNOL</strong></span> avec Maryke PELLERIN et Esther ROLDAN</p>
<p><strong><span style="color: #000080;">BASQUE</span> </strong> avec Kepa ZUBILLAGA</p>
<p><strong><span style="color: #000080;">ITALIEN</span> </strong> avec Monique KORUPSKI.</p>
<p>&nbsp;</p>
<p>[/et_pb_text][/et_pb_column][/et_pb_row][/et_pb_section]</p>

<p>LANGUES APPRENDRE LES LANGUES Les langues s&rsquo;adressent à tous, et ce indépendamment de l&rsquo;âge et des raisons qui incitent à les apprendre. Elles aident à faire tomber aussi bien les barrières personnelles que les barrières nationales, permettant aux européens de communiquer entre eux, de travailler ensemble et de se déplacer d&rsquo;un pays à l&rsquo;autre. A l&rsquo;Association Culturelle de Dax vous trouverez : &#8211; un professeur compétent &#8211; de petits groupes &#8211; des cours de niveau (du débutant à des cours de conversation) &#8211; une bonne ambiance Venez apprendre en vous faisant plaisirANGLAIS avec Katrina DALHMAN et Catherine MARTIN ESPAGNOL avec Maryke PELLERIN et Esther ROLDAN BASQUE  avec Kepa ZUBILLAGA ITALIEN  avec Monique KORUPSKI. &nbsp;</p>

<p>[vc_row][vc_column][rev_slider_vc alias="acd"][/vc_column][/vc_row][vc_row][vc_column width="1/4"][vc_widget_sidebar sidebar_id="sidebar-20"][/vc_column][vc_column width="3/4"][vc_column_text]</p>
<h1><strong><span style="color: #993300;">LANGUES</span></strong></h1>
<p>[/vc_column_text][vc_row_inner][vc_column_inner width="1/4"][vc_button2 title="Anglais" link="url:http%3A%2F%2Fwww.culture-dax.fr%2F%3Fpage_id%3D56||"][/vc_column_inner][vc_column_inner width="1/4"][vc_button2 title="Espagnol" color="vista_blue" link="url:http%3A%2F%2Fwww.culture-dax.fr%2F%3Fpage_id%3D59||"][/vc_column_inner][vc_column_inner width="1/4"][vc_button2 title="Italien" color="turquoise" link="url:http%3A%2F%2Fwww.culture-dax.fr%2F%3Fpage_id%3D61||"][/vc_column_inner][vc_column_inner width="1/4"][vc_button2 title="Basque" color="orange" link="url:http%3A%2F%2Fwww.culture-dax.fr%2F%3Fpage_id%3D346||"][/vc_column_inner][/vc_row_inner][vc_row_inner][vc_column_inner width="1/4"][/vc_column_inner][vc_column_inner width="1/4"][/vc_column_inner][vc_column_inner width="1/4"][/vc_column_inner][vc_column_inner width="1/4"][/vc_column_inner][/vc_row_inner][vc_column_text]<span style="color: #000080;"><strong>APPRENDRE LES LANGUES</strong></span></p>
<p>Les langues s'adressent à tous, et ce indépendamment de l'âge et des raisons qui incitent à les apprendre. Elles aident à faire tomber aussi bien les barrières personnelles que les barrières nationales, permettant aux européens de communiquer entre eux, de travailler ensemble et de se déplacer d'un pays à l'autre.</p>
<p>A l'Association Culturelle de Dax vous trouverez :</p>
<p>- un professeur compétent</p>
<p>- de petits groupes</p>
<p>- des cours de niveau (du débutant à des cours de conversation)</p>
<p>- une bonne ambiance</p>
<p><strong>Venez apprendre en vous faisant plaisir</strong><br />
<span style="color: #000080;"><strong>ANGLAIS</strong></span> avec Katrina DALHMAN et Isabelle BAUMANN</p>
<p><span style="color: #000080;"><strong>ESPAGNOL</strong></span> avec Maryke PELLERIN et Esther ROLDAN</p>
<p><strong><span style="color: #000080;">BASQUE</span> </strong> avec Kepa ZUBILLAGA</p>
<p><strong><span style="color: #000080;">ITALIEN</span> </strong> avec Monique KORUPSKI.</p>
<p>&nbsp;[/vc_column_text][/vc_column][/vc_row]</p>
