{"id":79,"date":"2014-10-24T15:09:17","date_gmt":"2014-10-24T14:09:17","guid":{"rendered":"http:\/\/www.culture-dax.fr\/?page_id=79"},"modified":"2025-07-09T09:51:06","modified_gmt":"2025-07-09T08:51:06","slug":"horaires-des-cours-2","status":"publish","type":"page","link":"https:\/\/www.culture-dax.fr\/?page_id=79","title":{"rendered":"Photographie"},"content":{"rendered":"<p>[et_pb_section fb_built=\u00a0\u00bb1&Prime; fullwidth=\u00a0\u00bbon\u00a0\u00bb theme_builder_area=\u00a0\u00bbpost_content\u00a0\u00bb _builder_version=\u00a0\u00bb4.25.0&Prime; _module_preset=\u00a0\u00bbdefault\u00a0\u00bb][et_pb_fullwidth_image src=\u00a0\u00bbhttp:\/\/www.culture-dax.fr\/wp-content\/uploads\/2025\/07\/activite_photo_acd.jpg\u00a0\u00bb _builder_version=\u00a0\u00bb4.25.0&Prime; _module_preset=\u00a0\u00bbdefault\u00a0\u00bb theme_builder_area=\u00a0\u00bbpost_content\u00a0\u00bb title_text=\u00a0\u00bbactivite_photo_acd\u00a0\u00bb hover_enabled=\u00a0\u00bb0&Prime; sticky_enabled=\u00a0\u00bb0&Prime;][\/et_pb_fullwidth_image][\/et_pb_section][et_pb_section fb_built=\u00a0\u00bb1&Prime; admin_label=\u00a0\u00bbsection\u00a0\u00bb _builder_version=\u00a0\u00bb4.16&Prime; global_colors_info=\u00a0\u00bb{}\u00a0\u00bb][et_pb_row admin_label=\u00a0\u00bbrow\u00a0\u00bb _builder_version=\u00a0\u00bb4.16&Prime; background_size=\u00a0\u00bbinitial\u00a0\u00bb background_position=\u00a0\u00bbtop_left\u00a0\u00bb background_repeat=\u00a0\u00bbrepeat\u00a0\u00bb global_colors_info=\u00a0\u00bb{}\u00a0\u00bb][et_pb_column type=\u00a0\u00bb4_4&Prime; _builder_version=\u00a0\u00bb4.16&Prime; custom_padding=\u00a0\u00bb|||\u00a0\u00bb global_colors_info=\u00a0\u00bb{}\u00a0\u00bb custom_padding__hover=\u00a0\u00bb|||\u00a0\u00bb][et_pb_text admin_label=\u00a0\u00bbText\u00a0\u00bb _builder_version=\u00a0\u00bb4.25.0&Prime; background_size=\u00a0\u00bbinitial\u00a0\u00bb background_position=\u00a0\u00bbtop_left\u00a0\u00bb background_repeat=\u00a0\u00bbrepeat\u00a0\u00bb global_colors_info=\u00a0\u00bb{}\u00a0\u00bb]<\/p>\n<p>&nbsp;<\/p>\n<h1><span style=\"color: #993300;\"><strong>COURS DE PHOTOGRAPHIE avec B\u00e9atrice<br \/>PHOTO ARGENTIQUE avec Jean-Claude<\/strong><\/span><\/h1>\n<p><span style=\"font-family: arial, helvetica, sans-serif; font-size: 12pt;\"><strong>VOUS VOULEZ D\u00c9COUVRIR<\/strong><\/span><\/p>\n<ul>\n<li><span style=\"font-family: arial, helvetica, sans-serif; font-size: 10pt;\">l\u2019art du tirage argentique<\/span><\/li>\n<li><span style=\"font-family: arial, helvetica, sans-serif; font-size: 10pt;\">les secrets du traitement num\u00e9rique<\/span><\/li>\n<li><span style=\"font-family: arial, helvetica, sans-serif; font-size: 10pt;\">les trucs et astuces de la prise de vue<\/span><\/li>\n<\/ul>\n<p><span style=\"font-family: arial, helvetica, sans-serif; font-size: 10pt;\">alors rejoignez-nous au club photo de l\u2019ACD\u00a0! Nous sommes un petit groupe de passionn\u00e9s<\/span><\/p>\n<p><span style=\"font-family: arial, helvetica, sans-serif; font-size: 10pt;\">qui se r\u00e9unit\u00a0<strong>tous<\/strong>\u00a0<strong>les jeudis soirs \u00e0 partir de 20h30 \u00e0 23h00<\/strong><\/span><\/p>\n<p>&nbsp;<\/p>\n<p><span style=\"font-family: arial, helvetica, sans-serif; font-size: 10pt;\">\u00a0<a href=\"http:\/\/www.culture-dax.fr\/wp-content\/uploads\/2014\/10\/club-photo-dax-phox-2.jpg\"><img loading=\"lazy\" decoding=\"async\" class=\"droite alignright wp-image-475 size-medium\" src=\"http:\/\/www.culture-dax.fr\/wp-content\/uploads\/2014\/10\/club-photo-dax-phox-2-198x300.jpg\" alt=\"club photo dax phox 2\" width=\"198\" height=\"300\" srcset=\"https:\/\/www.culture-dax.fr\/wp-content\/uploads\/2014\/10\/club-photo-dax-phox-2-198x300.jpg 198w, https:\/\/www.culture-dax.fr\/wp-content\/uploads\/2014\/10\/club-photo-dax-phox-2.jpg 382w\" sizes=\"auto, (max-width: 198px) 100vw, 198px\" \/><\/a><\/span><\/p>\n<p><span style=\"font-family: arial, helvetica, sans-serif; font-size: 10pt;\"><strong>Nos sympathiques animateurs B\u00e9atrice et Jean-Claude vous apprendront, avec <\/strong><strong>l\u2019aide des \u00ab\u00a0anciens\u00a0\u00bb, les rudiments de la prise de vue, du d\u00e9veloppement et du tirage.<\/strong><\/span><\/p>\n<p><span style=\"font-family: arial, helvetica, sans-serif; font-size: 10pt;\"><strong>Le mat\u00e9riel est fourni pour l\u2019initiation, nous avons \u00e0 votre disposition\u00a0:<\/strong><\/span><\/p>\n<ul>\n<li><span style=\"font-family: arial, helvetica, sans-serif; font-size: 10pt;\">deux laboratoires argentiques<\/span><\/li>\n<li><span style=\"font-family: arial, helvetica, sans-serif; font-size: 10pt;\">un\u00a0 atelier num\u00e9rique dot\u00e9 d\u2019un scanner haut de gamme<\/span><\/li>\n<li><span style=\"font-family: arial, helvetica, sans-serif; font-size: 10pt;\">un studio de prise de vues \u00e9quip\u00e9<\/span><\/li>\n<\/ul>\n<p><span style=\"font-family: arial, helvetica, sans-serif; font-size: 10pt;\"><strong>Venez nous voir, cela ne vous engage \u00e0 rien, m\u00eame si vous ne connaissez pas la photo \u2026<\/strong><\/span><\/p>\n<p>&nbsp;<\/p>\n<p><strong>Activit\u00e9s<\/strong><\/p>\n<p>1 th\u00e8me par mois \u00e0 r\u00e9aliser et critique le jeudi<\/p>\n<p>1 atelier par mois fait sur place, prise de vue technique (prise de vue studio, ferm\u00e9e, nature morte, etc\u2026<\/p>\n<p>Travail de retouche photo sur logiciel<\/p>\n<p>Technique pour diff\u00e9rentes situations (pose longue, vitesse, voie lact\u00e9e, etc\u2026<\/p>\n<p>Reprise du labo argentique avec des membres (prise de vue et d\u00e9veloppement de pellicules)<\/p>\n<p>&nbsp;<\/p>\n<p><strong>R\u00e9alisations<\/strong><\/p>\n<p>Tirages photos pour le salon des cr\u00e9ateurs qui a malheureusement \u00e9t\u00e9 annul\u00e9 par la Mairie de DAX.<\/p>\n<p>[\/et_pb_text][\/et_pb_column][\/et_pb_row][\/et_pb_section]<\/p>\n","protected":false},"excerpt":{"rendered":"<p>&nbsp; COURS DE PHOTOGRAPHIE avec B\u00e9atricePHOTO ARGENTIQUE avec Jean-Claude VOUS VOULEZ D\u00c9COUVRIR l\u2019art du tirage argentique les secrets du traitement num\u00e9rique les trucs et astuces de la prise de vue alors rejoignez-nous au club photo de l\u2019ACD\u00a0! Nous sommes un petit groupe de passionn\u00e9s qui se r\u00e9unit\u00a0tous\u00a0les jeudis soirs \u00e0 partir de 20h30 \u00e0 23h00 &nbsp; \u00a0 Nos sympathiques animateurs B\u00e9atrice et Jean-Claude vous apprendront, avec l\u2019aide des \u00ab\u00a0anciens\u00a0\u00bb, les rudiments de la prise de vue, du d\u00e9veloppement et du tirage. Le mat\u00e9riel est fourni pour l\u2019initiation, nous avons \u00e0 votre disposition\u00a0: deux laboratoires argentiques un\u00a0 atelier num\u00e9rique dot\u00e9 d\u2019un scanner haut de gamme un studio de prise de vues \u00e9quip\u00e9 Venez nous voir, cela ne vous engage \u00e0 rien, m\u00eame si vous ne connaissez pas la photo \u2026 &nbsp; Activit\u00e9s 1 th\u00e8me par mois \u00e0 r\u00e9aliser et critique le jeudi 1 atelier par mois fait sur place, prise de vue technique (prise de vue studio, ferm\u00e9e, nature morte, etc\u2026 Travail de retouche photo sur logiciel Technique pour diff\u00e9rentes situations (pose longue, vitesse, voie lact\u00e9e, etc\u2026 Reprise du labo argentique avec des membres (prise de vue et d\u00e9veloppement de pellicules) &nbsp; R\u00e9alisations Tirages photos pour le salon des cr\u00e9ateurs qui [&hellip;]<\/p>\n","protected":false},"author":1,"featured_media":0,"parent":39,"menu_order":0,"comment_status":"closed","ping_status":"closed","template":"","meta":{"_et_pb_use_builder":"on","_et_pb_old_content":"<p>[vc_row][vc_column][rev_slider_vc alias=\"photo\"][\/vc_column][\/vc_row][vc_row][vc_column][vc_udesign_recent_posts title=\"Derniers commentaires du Blog\" num_posts=\"4\" post_offset=\"0\" num_words_limit=\"13\" show_date_author=\"\" show_more_link=\"yes\" more_link_text=\"En savoir +\" show_thumbs=\"yes\" remove_thumb_frame=\"\" thumb_frame_shadow=\"\" default_thumb=\"yes\" post_thumb_width=\"60\" post_thumb_height=\"60\" class=\"\" category_id=\"14\"][vc_column_text]<\/p>\n<h1><span style=\"color: #993300;\"><strong>COURS DE PHOTOGRAPHIE avec B\u00e9atrice<br \/>\nPHOTO ARGENTIQUE avec Jean-Claude<\/strong><\/span><\/h1>\n<p>[\/vc_column_text][\/vc_column][\/vc_row][vc_row][vc_column width=\"3\/4\"][vc_column_text]<span style=\"font-family: arial, helvetica, sans-serif; font-size: 12pt;\"><strong>VOUS VOULEZ D\u00c9COUVRIR<\/strong><\/span><\/p>\n<ul>\n<li><span style=\"font-family: arial, helvetica, sans-serif; font-size: 10pt;\">l\u2019art du tirage argentique<\/span><\/li>\n<li><span style=\"font-family: arial, helvetica, sans-serif; font-size: 10pt;\">les secrets du traitement num\u00e9rique<\/span><\/li>\n<li><span style=\"font-family: arial, helvetica, sans-serif; font-size: 10pt;\">les trucs et astuces de la prise de vue<\/span><\/li>\n<\/ul>\n<p><span style=\"font-family: arial, helvetica, sans-serif; font-size: 10pt;\">alors rejoignez-nous au club photo de l\u2019ACD\u00a0! Nous sommes un petit groupe de passionn\u00e9s<\/span><\/p>\n<p><span style=\"font-family: arial, helvetica, sans-serif; font-size: 10pt;\">qui se r\u00e9unit\u00a0<strong>tous<\/strong>\u00a0<strong>les jeudis soirs \u00e0 partir de 20h30 \u00e0 23h00<\/strong><\/span><\/p>\n<p>&nbsp;<\/p>\n<p><span style=\"font-family: arial, helvetica, sans-serif; font-size: 10pt;\">\u00a0<a href=\"http:\/\/www.culture-dax.fr\/wp-content\/uploads\/2014\/10\/club-photo-dax-phox-2.jpg\"><img class=\"droite alignright wp-image-475 size-medium\" src=\"http:\/\/www.culture-dax.fr\/wp-content\/uploads\/2014\/10\/club-photo-dax-phox-2-198x300.jpg\" alt=\"club photo dax phox 2\" width=\"198\" height=\"300\" \/><\/a><\/span><\/p>\n<p><span style=\"font-family: arial, helvetica, sans-serif; font-size: 10pt;\"><strong>Nos sympathiques animateurs B\u00e9atrice et Jean-Claude vous apprendront, avec <\/strong><strong>l\u2019aide des \u00ab\u00a0anciens\u00a0\u00bb, les rudiments de la prise de vue, du d\u00e9veloppement et du tirage.<\/strong><\/span><\/p>\n<p><span style=\"font-family: arial, helvetica, sans-serif; font-size: 10pt;\"><strong>Le mat\u00e9riel est fourni pour l\u2019initiation, nous avons \u00e0 votre disposition\u00a0:<\/strong><\/span><\/p>\n<ul>\n<li><span style=\"font-family: arial, helvetica, sans-serif; font-size: 10pt;\">deux laboratoires argentiques<\/span><\/li>\n<li><span style=\"font-family: arial, helvetica, sans-serif; font-size: 10pt;\">un\u00a0 atelier num\u00e9rique dot\u00e9 d\u2019un scanner haut de gamme<\/span><\/li>\n<li><span style=\"font-family: arial, helvetica, sans-serif; font-size: 10pt;\">un studio de prise de vues \u00e9quip\u00e9<\/span><\/li>\n<\/ul>\n<p><span style=\"font-family: arial, helvetica, sans-serif; font-size: 10pt;\"><strong>Venez nous voir, cela ne vous engage \u00e0 rien, m\u00eame si vous ne connaissez pas la photo \u2026<\/strong><\/span><\/p>\n<p>&nbsp;<\/p>\n<p><strong>Activit\u00e9s<\/strong><\/p>\n<p>1 th\u00e8me par mois \u00e0 r\u00e9aliser et critique le jeudi<\/p>\n<p>1 atelier par mois fait sur place, prise de vue technique (prise de vue studio, ferm\u00e9e, nature morte, etc\u2026<\/p>\n<p>Travail de retouche photo sur logiciel<\/p>\n<p>Technique pour diff\u00e9rentes situations (pose longue, vitesse, voie lact\u00e9e, etc\u2026<\/p>\n<p>Reprise du labo argentique avec des membres (prise de vue et d\u00e9veloppement de pellicules)<\/p>\n<p>&nbsp;<\/p>\n<p><strong>R\u00e9alisations<\/strong><\/p>\n<p>Tirages photos pour le salon des cr\u00e9ateurs qui a malheureusement \u00e9t\u00e9 annul\u00e9 par la Mairie de DAX.[\/vc_column_text][\/vc_column][\/vc_row][vc_row][vc_column][vc_column_text][\/vc_column_text][\/vc_column][\/vc_row]<\/p>\n","_et_gb_content_width":"","footnotes":""},"class_list":["post-79","page","type-page","status-publish","hentry"],"_links":{"self":[{"href":"https:\/\/www.culture-dax.fr\/index.php?rest_route=\/wp\/v2\/pages\/79","targetHints":{"allow":["GET"]}}],"collection":[{"href":"https:\/\/www.culture-dax.fr\/index.php?rest_route=\/wp\/v2\/pages"}],"about":[{"href":"https:\/\/www.culture-dax.fr\/index.php?rest_route=\/wp\/v2\/types\/page"}],"author":[{"embeddable":true,"href":"https:\/\/www.culture-dax.fr\/index.php?rest_route=\/wp\/v2\/users\/1"}],"replies":[{"embeddable":true,"href":"https:\/\/www.culture-dax.fr\/index.php?rest_route=%2Fwp%2Fv2%2Fcomments&post=79"}],"version-history":[{"count":19,"href":"https:\/\/www.culture-dax.fr\/index.php?rest_route=\/wp\/v2\/pages\/79\/revisions"}],"predecessor-version":[{"id":2846,"href":"https:\/\/www.culture-dax.fr\/index.php?rest_route=\/wp\/v2\/pages\/79\/revisions\/2846"}],"up":[{"embeddable":true,"href":"https:\/\/www.culture-dax.fr\/index.php?rest_route=\/wp\/v2\/pages\/39"}],"wp:attachment":[{"href":"https:\/\/www.culture-dax.fr\/index.php?rest_route=%2Fwp%2Fv2%2Fmedia&parent=79"}],"curies":[{"name":"wp","href":"https:\/\/api.w.org\/{rel}","templated":true}]}}